 prime factors of 1219.
23, 53
What are the prime factors of 5605?
5, 19, 59
List the prime factors of 62960.
2, 5, 787
What are the prime factors of 10255?
5, 7, 293
What are the prime factors of 32359?
32359
What are the prime factors of 2562?
2, 3, 7, 61
What are the prime factors of 45079?
61, 739
What are the prime factors of 52176?
2, 3, 1087
What are the prime factors of 26062?
2, 83, 157
What are the prime factors of 27874?
2, 7, 11, 181
What are the prime factors of 2779?
7, 397
List the prime factors of 83416.
2, 10427
What are the prime factors of 793?
13, 61
List the prime factors of 99799.
7, 53, 269
List the prime factors of 1210.
2, 5, 11
List the prime factors of 148489.
11, 13499
What are the prime factors of 49150?
2, 5, 983
What are the prime factors of 5109?
3, 13, 131
What are the prime factors of 3759?
3, 7, 179
List the prime factors of 22561.
7, 11, 293
List the prime factors of 1145.
5, 229
What are the prime factors of 1513?
17, 89
List the prime factors of 76083.
3, 7, 3623
List the prime factors of 40271.
7, 11, 523
List the prime factors of 48778.
2, 29
What are the prime factors of 28287?
3, 7, 449
What are the prime factors of 3077?
17, 181
List the prime factors of 64881.
3, 89
What are the prime factors of 6792?
2, 3, 283
What are the prime factors of 4481?
4481
List the prime factors of 1663.
1663
What are the prime factors of 15823?
15823
List the prime factors of 9264.
2, 3, 193
What are the prime factors of 4152?
2, 3, 173
List the prime factors of 38890.
2, 5, 3889
List the prime factors of 559.
13, 43
What are the prime factors of 135?
3, 5
List the prime factors of 3485.
5, 17, 41
List the prime factors of 1624.
2, 7, 29
What are the prime factors of 44604?
2, 3, 7, 59
What are the prime factors of 7960?
2, 5, 199
List the prime factors of 12151.
29, 419
What are the prime factors of 3582?
2, 3, 199
List the prime factors of 2226.
2, 3, 7, 53
List the prime factors of 1506.
2, 3, 251
List the prime factors of 7030.
2, 5, 19, 37
List the prime factors of 410.
2, 5, 41
What are the prime factors of 1416?
2, 3, 59
List the prime factors of 90944.
2, 7, 29
List the prime factors of 43501.
41, 1061
What are the prime factors of 1873?
1873
What are the prime factors of 834?
2, 3, 139
List the prime factors of 1350.
2, 3, 5
What are the prime factors of 233?
233
List the prime factors of 6747.
3, 13, 173
List the prime factors of 158.
2, 79
What are the prime factors of 860?
2, 5, 43
List the prime factors of 2369.
23, 103
List the prime factors of 109.
109
List the prime factors of 20405.
5, 7, 11, 53
What are the prime factors of 4784?
2, 13, 23
What are the prime factors of 16114?
2, 7, 1151
List the prime factors of 13036.
2, 3259
List the prime factors of 575.
5, 23
What are the prime factors of 1969?
11, 179
List the prime factors of 2626.
2, 13, 101
List the prime factors of 57268.
2, 103, 139
What are the prime factors of 5770?
2, 5, 577
What are the prime factors of 1031?
1031
What are the prime factors of 524?
2, 131
List the prime factors of 1314.
2, 3, 73
List the prime factors of 44.
2, 11
List the prime factors of 1559.
1559
What are the prime factors of 16?
2
What are the prime factors of 8265?
3, 5, 19, 29
What are the prime factors of 88222?
2, 44111
What are the prime factors of 2731?
2731
List the prime factors of 3092.
2, 773
What are the prime factors of 1028?
2, 257
What are the prime factors of 85?
5, 17
What are the prime factors of 482?
2, 241
What are the prime factors of 9369?
3, 347
List the prime factors of 13507.
13, 1039
List the prime factors of 954.
2, 3, 53
List the prime factors of 1539.
3, 19
List the prime factors of 1207.
17, 71
What are the prime factors of 1300?
2, 5, 13
What are the prime factors of 1401?
3, 467
What are the prime factors of 12417?
3, 4139
List the prime factors of 38080.
2, 5, 7, 17
What are the prime factors of 582?
2, 3, 97
What are the prime factors of 1682?
2, 29
List the prime factors of 6978.
2, 3, 1163
List the prime factors of 4552.
2, 569
What are the prime factors of 3092?
2, 773
What are the prime factors of 434?
2, 7, 31
What are the prime factors of 17606?
2, 8803
What are the prime factors of 6596?
2, 17, 97
What are the prime factors of 567?
3, 7
What are the prime factors of 1096?
2, 137
What are the prime factors of 5941?
13, 457
List the prime factors of 24199.
7, 3457
List the prime factors of 4600.
2, 5, 23
List the prime factors of 1637.
1637
What are the prime factors of 31035?
3, 5, 2069
List the prime factors of 672.
2, 3, 7
List the prime factors of 159.
3, 53
List the prime factors of 2934.
2, 3, 163
List the prime factors of 15623.
17, 919
What are the prime factors of 8939?
7, 1277
What are the prime factors of 3793?
3793
List the prime factors of 765.
3, 5, 17
List the prime factors of 2691.
3, 13, 23
What are the prime factors of 2178?
2, 3, 11
List the prime factors of 6213.
3, 19, 109
What are the prime factors of 14404?
2, 13, 277
List the prime factors of 813.
3, 271
List the prime factors of 23629.
23629
List the prime factors of 17081.
19, 29, 31
List the prime factors of 746.
2, 373
What are the prime factors of 2995?
5, 599
List the prime factors of 138559.
138559
List the prime factors of 1962.
2, 3, 109
List the prime factors of 29153.
29153
What are the prime factors of 122042?
2, 139, 439
What are the prime factors of 2498?
2, 1249
List the prime factors of 1709.
1709
List the prime factors of 1825.
5, 73
What are the prime factors of 2288?
2, 11, 13
What are the prime factors of 2139?
3, 23, 31
What are the prime factors of 2565?
3, 5, 19
List the prime factors of 1362.
2, 3, 227
List the prime factors of 5861.
5861
What are the prime factors of 124853?
124853
What are the prime factors of 319?
11, 29
List the prime factors of 7427.
7, 1061
List the prime factors of 18701.
18701
What are the prime factors of 63160?
2, 5, 1579
What are the prime factors of 2000?
2, 5
List the prime factors of 4833.
3, 179
List the prime factors of 387.
3, 43
What are the prime factors of 21973?
7, 43, 73
What are the prime factors of 65126?
2, 32563
List the prime factors of 113.
113
What are the prime factors of 11312?
2, 7, 101
List the prime factors of 6635.
5, 1327
What are the prime factors of 8370?
2, 3, 5, 31
What are the prime factors of 3875?
5, 31
List the prime factors of 10634.
2, 13, 409
What are the prime factors of 42498?
2, 3, 787
List the prime factors of 12861.
3, 1429
What are the prime factors of 2598?
2, 3, 433
List the prime factors of 6715.
5, 17, 79
What are the prime factors of 705?
3, 5, 47
What are the prime factors of 130?
2, 5, 13
List the prime factors of 8874.
2, 3, 17, 29
What are the prime factors of 1954?
2, 977
What are the prime factors of 2373?
3, 7, 113
What are the prime factors of 42883?
19, 37, 61
List the prime factors of 1425.
3, 5, 19
What are the prime factors of 701?
701
List the prime factors of 5288.
2, 661
List the prime factors of 5149.
19, 271
List the prime factors of 1184.
2, 37
What are the prime factors of 7965?
3, 5, 59
List the prime factors of 1846.
2, 13, 71
List the prime factors of 1779.
3, 593
List the prime factors of 24775.
5, 991
List the prime factors of 18676.
2, 7, 23, 29
List the prime factors of 20889.
3, 11, 211
What are the prime factors of 4005?
3, 5, 89
What are the prime factors of 427?
7, 61
What are the prime factors of 1349?
19, 71
What are the prime factors of 1686?
2, 3, 281
List the prime factors of 644.
2, 7, 23
What are the prime factors of 2547?
3, 283
What are the prime factors of 4689?
3, 521
What are the prime factors of 29135?
5, 5827
What are the prime factors of 25645?
5, 23, 223
List the prime factors of 383.
383
List the prime factors of 2201.
31, 71
What are the prime factors of 94150?
2, 5, 7, 269
List the prime factors of 52.
2, 13
What are the prime factors of 15655?
5, 31, 101
List the prime factors of 11555.
5, 2311
What are the prime factors of 151?
151
What are the prime factors of 9391?
9391
What are the prime factors of 19344?
2, 3, 13, 31
What are the prime factors of 78347?
78347
List the prime factors of 2642.
2, 1321
What are the prime factors of 155?
5, 31
What are the prime factors of 68216?
2, 8527
What are the prime